te the remainder when 23685613 is divided by 3495.
3493
Calculate the remainder when 2953032 is divided by 6636.
12
What is the remainder when 56371 is divided by 18725?
196
Calculate the remainder when 1017741 is divided by 339122.
375
What is the remainder when 876236360 is divided by 11?
10
Calculate the remainder when 437692 is divided by 218808.
76
What is the remainder when 791523 is divided by 579?
30
Calculate the remainder when 2549444 is divided by 522.
518
Calculate the remainder when 2533725 is divided by 386.
21
Calculate the remainder when 1009149 is divided by 1009031.
118
Calculate the remainder when 18447845 is divided by 9223909.
27
Calculate the remainder when 7464 is divided by 244.
144
What is the remainder when 91295 is divided by 900?
395
Calculate the remainder when 2995092 is divided by 1497536.
20
What is the remainder when 82993366 is divided by 4919?
4917
Calculate the remainder when 161069172 is divided by 80534583.
6
What is the remainder when 944168 is divided by 2533?
1892
Calculate the remainder when 806362 is divided by 403167.
28
Calculate the remainder when 26162 is divided by 46.
34
What is the remainder when 5188761 is divided by 1192?
1177
Calculate the remainder when 204557 is divided by 67891.
884
What is the remainder when 57704 is divided by 634?
10
Calculate the remainder when 6778 is divided by 6696.
82
Calculate the remainder when 3456880 is divided by 561.
559
What is the remainder when 3063037 is divided by 340316?
193
What is the remainder when 8518565 is divided by 2839519?
8
Calculate the remainder when 7416541 is divided by 292.
33
Calculate the remainder when 48858 is divided by 1435.
68
Calculate the remainder when 277303907 is divided by 26.
23
What is the remainder when 104361 is divided by 131?
85
What is the remainder when 13676011 is divided by 91?
76
Calculate the remainder when 6079147 is divided by 2026376.
19
Calculate the remainder when 399824 is divided by 4759.
68
Calculate the remainder when 228512 is divided by 309.
161
Calculate the remainder when 59067971 is divided by 109.
108
Calculate the remainder when 75289 is divided by 393.
226
What is the remainder when 1347904117 is divided by 418?
417
What is the remainder when 13310984 is divided by 8666?
8
What is the remainder when 1278580 is divided by 853?
786
What is the remainder when 6547144 is divided by 218226?
364
What is the remainder when 892919 is divided by 18998?
13
What is the remainder when 2104317 is divided by 1486?
141
Calculate the remainder when 1409495530 is divided by 441.
436
What is the remainder when 270324 is divided by 135090?
144
What is the remainder when 69741 is divided by 107?
84
What is the remainder when 23952 is divided by 9779?
4394
Calculate the remainder when 531069 is divided by 4658.
57
What is the remainder when 4835453 is divided by 891?
887
What is the remainder when 58100374 is divided by 13690?
14
What is the remainder when 4456364 is divided by 344?
188
Calculate the remainder when 29578468 is divided by 2297.
2296
Calculate the remainder when 6381841 is divided by 60206.
5
What is the remainder when 635029 is divided by 158753?
17
Calculate the remainder when 3408547 is divided by 29.
3
What is the remainder when 17211378 is divided by 289?
272
Calculate the remainder when 54981 is divided by 353.
266
Calculate the remainder when 171812 is divided by 781.
773
Calculate the remainder when 20092 is divided by 1572.
1228
Calculate the remainder when 5870 is divided by 1947.
29
What is the remainder when 1903553 is divided by 271893?
302
Calculate the remainder when 54345 is divided by 5206.
2285
Calculate the remainder when 1861661 is divided by 1474.
1473
Calculate the remainder when 101344 is divided by 6717.
589
Calculate the remainder when 271158 is divided by 133698.
3762
Calculate the remainder when 177145 is divided by 399.
388
What is the remainder when 5909656 is divided by 2679?
2461
What is the remainder when 62520607 is divided by 37?
5
Calculate the remainder when 3339934 is divided by 279.
25
Calculate the remainder when 419001 is divided by 5436.
429
Calculate the remainder when 44905 is divided by 366.
253
What is the remainder when 3831162 is divided by 1304?
10
What is the remainder when 2146186 is divided by 89352?
1738
Calculate the remainder when 9552832 is divided by 1879.
1875
What is the remainder when 668299594 is divided by 2261?
2258
What is the remainder when 12071310 is divided by 3017701?
506
What is the remainder when 9160647 is divided by 3336?
3327
Calculate the remainder when 560007 is divided by 59.
38
Calculate the remainder when 13785868 is divided by 1047.
19
What is the remainder when 51943915 is divided by 112?
107
What is the remainder when 877938 is divided by 18290?
18
Calculate the remainder when 21926920 is divided by 3654483.
22
Calculate the remainder when 556196 is divided by 38.
28
What is the remainder when 7922333 is divided by 80840?
13
What is the remainder when 239335 is divided by 62?
15
Calculate the remainder when 418863 is divided by 381.
144
What is the remainder when 9091544 is divided by 27?
23
Calculate the remainder when 100064 is divided by 534.
206
Calculate the remainder when 415525 is divided by 201.
58
What is the remainder when 3755515 is divided by 80?
75
Calculate the remainder when 369718 is divided by 8031.
292
Calculate the remainder when 28981 is divided by 1623.
1390
Calculate the remainder when 174885 is divided by 5829.
15
What is the remainder when 133429 is divided by 1308?
13
Calculate the remainder when 35468938 is divided by 231823.
19
What is the remainder when 2501737 is divided by 416954?
13
Calculate the remainder when 8982844 is divided by 699.
694
What is the remainder when 951495 is divided by 461?
452
What is the remainder when 13286348 is divided by 139?
33
What is the remainder when 13718 is divided by 565?
158
Calculate the remainder when 58575 is divided by 8870.
5355
Calculate the remainder when 6236943 is divided by 405.
348
Calculate the remainder when 171928 is divided by 135.
73
Calculate the remainder when 981187 is divided by 274.
267
What is the remainder when 23708886 is divided by 156?
6
Calculate the remainder when 66406943 is divided by 247.
5
Calculate the remainder when 10024 is divided by 1446.
1348
Calculate the remainder when 146608768 is divided by 24.
16
What is the remainder when 119742595 is divided by 1900676?
7
What is the remainder when 13144 is divided by 248?
0
What is the remainder when 648202 is divided by 8542?
7552
What is the remainder when 10877999 is divided by 27?
23
Calculate the remainder when 239716 is divided by 4230.
2836
Calculate the remainder when 481252 is divided by 176.
68
What is the remainder when 8615058 is divided by 1075?
8
Calculate the remainder when 580987 is divided by 14895.
82
What is the remainder when 292083 is divided by 618?
387
Calculate the remainder when 61326865 is divided by 12265372.
5
Calculate the remainder when 3128174 is divided by 449.
440
Calculate the remainder when 3242836 is divided by 1169.
30
Calculate the remainder when 363793 is divided by 181891.
11
What is the remainder when 18279 is divided by 4295?
1099
What is the remainder when 11131199 is divided by 72?
71
What is the remainder when 9218896 is divided by 51216?
16
What is the remainder when 12508299 is divided by 1327?
1324
What is the remainder when 394713 is divided by 13153?
123
What is the remainder when 22992914 is divided by 39?
35
What is the remainder when 90146 is divided by 345?
101
What is the remainder when 1428899 is divided by 57152?
99
Calculate the remainder when 357593 is divided by 4944.
1625
Calculate the remainder when 1308030 is divided by 326993.
58
Calculate the remainder when 12275952 is divided by 105.
87
Calculate the remainder when 32123742 is divided by 101.
86
What is the remainder when 1127471645 is divided by 375823878?
11
What is the remainder when 88112092 is divided by 93?
79
What is the remainder when 28843445 is divided by 28843420?
25
What is the remainder when 261672578 is divided by 130836289?
0
Calculate the remainder when 20649878 is divided by 9.
8
What is the remainder when 139042 is divided by 7702?
406
Calcul